the highest common divisor of 328 and b.
41
Let x(t) = 4*t - 68. Let d(l) = 6*l - 67. Let a(o) = 5*d(o) - 4*x(o). Let s be a(10). What is the greatest common factor of s and 7?
7
Let q = 44 - 34. Suppose 3*l - q = -b, 5*l + 2 + 0 = b. Let g be (-1)/((-28)/(-8)) - (-93)/b. Calculate the greatest common divisor of 13 and g.
13
Let s be (16*2/12)/(48/3384). Calculate the greatest common divisor of 3478 and s.
94
Suppose -63 = -2*m + 123. Suppose 2*b = 4*l - 58, -4*l + 5*b = -m + 20. Calculate the highest common divisor of l and 300.
12
Let n = -296 - -299. Let l be 1*(-5 + 9) - -1*47. What is the greatest common factor of n and l?
3
Let i(r) = 21*r + 32 - 6*r - 52 - r**2. Suppose -w + 2*t - 4 = 0, 0 = 4*w - 0*t - t - 19. Let a be i(w). What is the greatest common factor of 51 and a?
17
Let i = -10811 - -11864. Calculate the highest common factor of i and 195.
39
Suppose -d - v = -220, -19*d + 22*d = -v + 652. Calculate the greatest common divisor of 32 and d.
8
Let x be 390/75 - 3/15. Suppose 75 = x*j - 30. What is the highest common divisor of j and 3?
3
Let h be 734 + ((-20)/(-8) - 9/6). What is the greatest common divisor of h and 42?
21
Let x be (-8)/(-4)*1 - 37. Let f = 59 - x. Suppose -1444 + f = -10*c. Calculate the highest common divisor of 27 and c.
27
Let j be (850 - 13/1) + -9. What is the highest common factor of 230 and j?
46
Let a(j) = 22*j + 14. Let f be a(4). Let b = -99 + f. Let v(p) = 9*p**3 - p**2 + 4*p + 7. Let n be v(b). What is the highest common factor of n and 23?
23
Let h be 1694/12 + 1/30*-5. Let a = h + -33. What is the greatest common factor of 24 and a?
12
Suppose -2*p = -5*p + 444. Let q(v) = 107*v - 4062. Let m be q(38). Calculate the greatest common divisor of p and m.
4
Suppose -21*k = -13*k + 136. Let s = k + 47. What is the greatest common factor of s and 80?
10
Let w(r) = 2*r**3 - 5*r**2 + 4*r - 4. Let t be w(3). Suppose 11*d - t*d + 384 = 0. What is the greatest common divisor of d and 16?
16
Let b(a) = a**2 - 3*a - 52. Let p be b(16). Let h be 104/2*2/((-8)/(-9)). Calculate the highest common factor of h and p.
39
Suppose -8 - 13 = -3*m - 3*w, 5*m - 4*w = -10. Suppose 2*s - 289 = -3*u + 2*u, 0 = s - m*u - 157. What is the highest common factor of 42 and s?
21
Let u be 47 + -27 - (16 + -34). What is the highest common divisor of u and 50578?
38
Let k(w) = -6*w**3 + 3*w**2 + w - 2. Let i be k(-2). Let r = -21472 - -21668. What is the highest common divisor of r and i?
28
Let w(r) = 52*r**3 + r**2 - 338*r + 672. Let l be w(2). What is the highest common factor of 299 and l?
13
Suppose -64 + 344 = 2*z. Let j = -5912 + 5932. Calculate the highest common factor of j and z.
20
Let o be 59/2 + (-7)/((-42)/15). Let j be 8/(3 + (-246)/84). What is the greatest common divisor of o and j?
16
Let w(r) = 17*r**3 - 6*r**2 + 6. Let b be w(3). Let o = b + -333. Calculate the highest common factor of 624 and o.
78
Let l = 435 + -421. Let z(j) = 10*j - 2*j**3 - 4 - 14*j + 4*j**2 + 13*j**2. Let a be z(8). Calculate the greatest common divisor of a and l.
14
Let w = 8 + -4. Let r = 93 - -213. Suppose 0 = 5*y - r + 86. What is the highest common divisor of y and w?
4
Let m(p) = 3 + 13 - 9 + 19 + 2*p. Let d be m(-11). Suppose -5*a = 3*h - 56, -3*a + d*a - 16 = -h. What is the highest common factor of 120 and h?
12
Let n(b) = 4*b**3 - 4*b**2 - 32*b + 144. Let g be n(4). What is the greatest common factor of 65 and g?
13
Let m = 227 + -217. Suppose -m*l - 80 = -p - 7*l, 2*p + 3*l - 151 = 0. What is the greatest common factor of 56 and p?
7
Let t(p) = 6*p + 36. Let c be t(0). Suppose 14*m - 428 + c = 0. Let k(y) = 2*y**2 + y + 1. Let q be k(5). Calculate the greatest common divisor of m and q.
28
Suppose r + 2*r = 750. Let v = 139 - 245. Let t = v - -116. Calculate the greatest common divisor of r and t.
10
Let g be 1512/315 - ((-21)/(-15))/(-7). Let h = 3 - -13. Calculate the highest common factor of h and g.
1
Let g(c) = -43*c**2 + 54*c**2 - 8 + c**3 - 2*c - 6*c. Let s(z) = -2*z + 2. Let f be s(4). Let p be g(f). Calculate the greatest common divisor of p and 20.
20
Let o = -65802 - -65821. Suppose 3*d = u - 35, 0*u - 151 = -4*u + d. Calculate the greatest common factor of o and u.
19
Let k(o) = 4*o + 21. Let z be k(-3). Let h = 290 - 269. What is the greatest common divisor of z and h?
3
Suppose 6*u = 9*u - 7140. Let k be (u/(-15))/(-17)*(-3)/(-2). Calculate the greatest common factor of k and 812.
14
Let h be (-846)/(-144) + (-2)/(-16). Suppose 0 = 319*u - 375*u + 896. What is the highest common factor of u and h?
2
Suppose 2*c - 113 - 295 = -m, 0 = m - 4. What is the greatest common factor of c and 1313?
101
Let h(m) = -2*m**3 - 7*m**2 + 2*m - 8. Let u be h(-6). Let n = 58 - 138. Let y = n + u. What is the highest common factor of y and 10?
10
Suppose -55*w = -177*w + 88816. Calculate the highest common divisor of w and 351.
13
Let z = 29 - -55. Suppose -4*f - 108 = z. Let c = 70 + f. What is the greatest common factor of c and 11?
11
Let p be 12 + 120 + 12 + -16. What is the greatest common divisor of 100 and p?
4
Suppose 4*j + 5*v - 30911 = 0, 10*j - 6*j - 30951 = 3*v. Calculate the greatest common factor of j and 6.
6
Let u(i) = i + 189. Let v be u(0). Suppose v - 113 = 4*j. Let a = 64 - 45. What is the highest common divisor of a and j?
19
Suppose 0 = -2*v - 24 + 104. Suppose -23*q + v*q - 476 = 0. Let n be (21/2)/((-1)/(-2)). What is the greatest common divisor of n and q?
7
Let h(d) = -d**3 - 3*d**2 - d. Let c be h(-4). Let m = -9184 + 9424. What is the greatest common factor of c and m?
20
Let t(i) = i**2 - 16*i + 107. Let c be t(-26). Calculate the greatest common divisor of 327 and c.
109
Let k(a) = 2*a**3 + 92*a**2 - 297*a + 39. Let x be k(-49). Calculate the highest common divisor of x and 4929.
93
Suppose 4*u = -5*b + 27, 0 = -3*b - 4*u - 11 + 32. Suppose -d = -b*d + 6. Suppose 7 = d*h + 4. What is the greatest common divisor of h and 1?
1
Suppose 0 = 4*a - 4, n + 143 = 5*n - a. Suppose -5*i + 631 = n. Suppose -3*v = -2*l - 61, 5*v + 4*l - 65 = -0*l. What is the highest common divisor of i and v?
17
Let b be (10/(-20))/(2/(-88)). Let j(c) = c**3 - 22*c**2 + 18*c - 58. Let i be j(b). What is the highest common factor of 26 and i?
26
Let y = 3 + 0. Let n(o) = 51*o**3 - 3*o**2 - o + 3. Let t be n(y). Let u be (-1)/(-4) + t/72. What is the greatest common divisor of 209 and u?
19
Suppose 113*x = 3*r + 107*x - 1572, 5*r - 4*x = 2614. Calculate the greatest common factor of r and 36.
18
Suppose -5*m + 3204 = -2*u, -1433 = -3*m - u + 496. Calculate the highest common divisor of 6 and m.
6
Suppose 12*a + 160 = 13*a. Let q be 2/10*(-25)/15*-12. Suppose -2*m + 9 = c - 7, -c = q. Calculate the highest common divisor of a and m.
10
Let i(p) = -4*p - 104. Let t be i(-27). Suppose 0 = -t*f - f - q + 2112, -q = -4*f + 1695. Let x = 2 + 45. What is the greatest common factor of f and x?
47
Suppose 89 = 3*c + 83. Let p be (-3)/((1 - -1)*c/(-4)). Calculate the greatest common factor of 27 and p.
3
Suppose -3*p - 23*v + 8 = -27*v, -p - 5*v + 47 = 0. Calculate the greatest common factor of 9852 and p.
12
Suppose 7*w = 2*y - 64, -5*y + 4*y = w - 32. Calculate the greatest common factor of 134 and y.
2
Suppose 177*b - 7497 - 3831 = 0. Let l = -369 + 625. What is the greatest common factor of b and l?
64
Suppose 2*h - 686 = -110*y + 108*y, 4*y = -3*h + 1370. Suppose 7 + 24 = d. What is the highest common factor of y and d?
31
Let q(i) = 31*i - 29. Let t be q(-14). Let z = 473 + t. What is the highest common factor of z and 32?
2
Let p(g) = -335*g**2 - 1 + 333*g**2 - 32*g + 7*g. Let j be p(-10). What is the highest common factor of j and 49?
49
Let r be 9*10/(30/333). Let l = r + -332. What is the greatest common factor of 58 and l?
29
Let r be 3/(45/2919) - 24/(-60). Let y be (4/2 - -37)*1. Calculate the greatest common divisor of y and r.
39
Let x(l) = -l**3 + 37*l**2 - 35*l - 34. Let u be x(36). Suppose -3*y - 2*m + 7*m = -155, 0 = 4*y - u*m - 230. What is the greatest common divisor of y and 480?
60
Let c be 9 + -1 - 1/(2/6). Suppose -c*t = -2*o - 335 - 707, 0 = 2*t - 3*o - 419. Let s be (1/(-2)*52)/(-2 - 0). What is the highest common divisor of s and t?
13
Let m = -30810 + 31034. What is the highest common divisor of 2744 and m?
5